1 = 3*z + 2*d + 112, z - 299 = -d. Suppose 0 = 43*o - 860 - z. Calculate the highest common factor of 432 and o.
27
Suppose 97 + 155 = 14*m. Suppose -m*a + 15*a = -48. Let j be 1 - 1*(-3)/3. Calculate the highest common factor of a and j.
2
Suppose 0 = -3*z + 1541*w - 1542*w + 102413, -3*z + 102393 = -3*w. Calculate the highest common factor of z and 136.
136
Suppose -2*w = 4*f - 2378, 2*f - 1346 + 152 = -2*w. Suppose 0 = -2*a + 6*a - f. Calculate the greatest common divisor of 4 and a.
4
Let o be -2 + (-1)/(1/(-146)). Let d be (-483)/(-12)*o/6. Let j be d/27 + 8/36. Calculate the greatest common factor of 4 and j.
4
Suppose -4*f = -17 + 5. Let d be -4 + (f - -5) - -9. What is the highest common divisor of d and 91?
13
Let h be 3 - (-65)/(-25) - 25/((-1375)/59103). Calculate the greatest common divisor of 6235 and h.
215
Let v be (-180)/40 - 198/(-12). Calculate the highest common divisor of v and 8178.
6
Suppose -4*q - 3 = 2*z - 37, 0 = 3*z - 4*q - 31. Let d be 2/z + 22/26. Calculate the highest common factor of d and 3.
1
Let j(d) = -2*d**2 + 14*d - 7. Let l be j(7). Let u be (-5 + l + -2)/((-4)/14). Calculate the greatest common factor of u and 196.
49
Suppose 3*s - 148 = 3*j + j, 0 = -j + 2. Calculate the greatest common factor of 104 and s.
52
Let w = -175 - -177. Suppose 0 = r - 3, 10*s + w*r = 11*s - 66. Calculate the highest common divisor of 108 and s.
36
Let o(x) = 197*x**2 + 9*x - 192. Let s be o(8). Calculate the greatest common divisor of 1115 and s.
223
Suppose 3*z + 3 - 6 = 0. Let h(s) = 6*s - 3. Let u be h(z). Suppose 0 = u*k - 6, 54 = -2*m + 7*m - 3*k. Calculate the greatest common divisor of 228 and m.
12
Suppose 0 = x + 115 - 1749. Suppose -383*f + x = -381*f. Calculate the greatest common factor of f and 19.
19
Let f(a) = -90*a + 11009. Let x be f(122). Calculate the highest common factor of x and 55129.
29
Let i(r) = r**2 + 2*r + 1. Let z be i(-5). Suppose 2*c = 3*l - z, 0 = -5*l + 3*c - 7*c - 10. Let v = 11 - 1. What is the greatest common divisor of l and v?
2
Let w be 292900/40*((228/10)/(-6) - -5). Calculate the highest common divisor of w and 87.
87
Let d be (5/1)/((-9)/126*-35). Let r(n) = 33*n**3 + 7*n - 5. Let f be r(d). Calculate the highest common divisor of f and 156.
39
Suppose a = -5*o + 4, 4*a = -3*o + 4*o + 100. Let g be 10210/11 + a/(-132). Calculate the greatest common factor of 58 and g.
58
Suppose 13895 - 2520 = 25*n. Calculate the highest common factor of n and 105.
35
Let s(y) be the second derivative of y**5/20 + 5*y**4/6 - 13*y**3/3 - y**2 + y + 31. Let c be s(-12). What is the greatest common factor of 88 and c?
22
Let r(o) = 44*o - 10. Suppose 0 = 3*k + 2*k - 15. Let v be r(k). Let y = -68 + v. What is the greatest common divisor of 27 and y?
27
Let t = 5 + 35. Suppose 4*n = b + 140 - t, 2*n - 4*b = 50. Calculate the greatest common factor of n and 275.
25
Let o(r) = 3*r**3 + 3*r**2 + 7*r - 38. Let y be o(6). What is the greatest common factor of 24 and y?
8
Let b be 4/((-16)/(-148)) - -4. Suppose -2*z + 12*l = 15*l - 577, -5*z = -5*l - 1430. What is the greatest common divisor of z and b?
41
Suppose 5*r = n + 2879, 3*n + 2 + 10 = 0. Let m be (630/25)/1 - (-1)/(-50)*10. Calculate the greatest common factor of r and m.
25
Suppose -6 = t + 4*y, -7*t + 6*t + 3*y + 8 = 0. Calculate the highest common factor of t and 49.
1
Let c = 39137 - 29351. Calculate the highest common divisor of 105 and c.
21
Let s be (4 + 198/(-63))/(15/1785). Calculate the highest common factor of s and 8296.
34
Suppose 4*t + 3*s + 2 = 5*s, -19 = 5*t + 3*s. Let l be (35/(-10) + 2)/(1/t). Let q = -71 + 73. What is the highest common divisor of q and l?
1
Let w be (-11 - -45)*(9/3 + -2). Let p = 232 + w. What is the highest common factor of 28 and p?
14
Suppose -2*s + 2*b = -26, 4*s = -3*b + 24 + 49. Let j be -36*1/6*-4. What is the highest common divisor of s and j?
8
Let w(k) = -k**3 + 82*k**2 + 48*k - 2233. Let y be w(82). Calculate the greatest common factor of y and 524.
131
Let a be (-218)/(-4)*(-37 - -39). Calculate the highest common divisor of a and 327.
109
Let s(r) = -r**3 - 18*r**2 - 16*r + 7. Let p be s(-17). Let w be 26*-5*2/p. Calculate the highest common divisor of w and 52.
26
Let c be (8 - 5)/((30/1105)/2). What is the greatest common factor of c and 208?
13
Suppose 0 = -5*h - 3*c + 96, 4*h = -2*c + 57 + 21. What is the greatest common factor of 44331 and h?
21
Let f = 24508 + -23086. What is the greatest common divisor of f and 450?
18
Let b = 29 + -8. Let p be 56/5*(-29 + 79). Let r = -539 + p. Calculate the greatest common divisor of b and r.
21
Let c(k) be the second derivative of -k**5/20 + 23*k**4/12 + 2*k**3/3 - 22*k**2 - 8*k. Let i be c(23). Calculate the highest common divisor of i and 16.
16
Suppose 3*t + 0*t + 2*j - 3106 = 0, 8 = j. What is the highest common factor of t and 220?
10
Suppose 0 = -k + 6*k - 360. Let w = 15921 - 15905. What is the highest common factor of k and w?
8
Let r = 1990 - 1979. What is the greatest common divisor of r and 46?
1
Let h be -9 + (13560/28)/((-15)/(-70)). Calculate the highest common divisor of h and 1.
1
Let w = 176 - 324. Let k = 200 + w. What is the highest common divisor of k and 52?
52
Suppose -10*f - 703 = -29*f. Suppose r + 3*z - 35 = 0, -r = r - 5*z - f. Calculate the greatest common factor of 234 and r.
26
Let s(q) = -44*q + 688. Suppose -x = 16*x + x. Let g be s(x). What is the highest common divisor of g and 16?
16
Suppose -93*a + 5841 + 1227 = 0. What is the greatest common divisor of a and 68?
4
Let u = -47 - -71. Suppose 5*t + 0*t - 5*h = 65, -5*h - 17 = t. Let z be 17 + 0 - t/8. Calculate the greatest common factor of z and u.
8
Let z(m) = -2*m**3 + 4*m**2 + 23*m + 41. Let g be z(-3). Calculate the greatest common divisor of g and 16771.
31
Let p(g) = 4*g + 266. Let u be p(0). Let z = u + 58. What is the greatest common divisor of z and 12?
12
Suppose -2*j + 3356 = 5*q, -5*j = 2*q - j - 1336. What is the highest common factor of q and 525?
21
Suppose 625 = -3*d - 119. Let y = -184 - d. What is the highest common factor of y and 4?
4
Let x = -386 + 382. Let y be (-916)/(-3) + ((-48)/(-9))/x. Calculate the greatest common factor of 16 and y.
16
Let o(t) = -t**2 - 10*t - 12. Let v be o(-2). Suppose -5*k + 1912 = v*m, -2*m + 1154 = 3*k - 3*m. Calculate the highest common factor of k and 48.
48
Let p(g) = -11*g**2 + 13*g**2 + 8*g + 14*g + 25. Let m be p(-10). Let b(t) = t**2 - 2*t + 7. Let s be b(-6). Calculate the highest common factor of m and s.
5
Suppose -4 = 4*t - 0. Let s be ((-73)/5 - t)/(2/(-5)). Suppose 0*p = -2*p + 3*k + 22, 5*p - 4*k = 69. Calculate the greatest common factor of s and p.
17
Let l be (4 - 1)/(66/30 + -2). Let t(a) = a**2 + 12*a + 1. Let c be t(-12). Suppose -c = 2*o - 7. Calculate the highest common divisor of l and o.
3
Let z(j) = 3*j + 77. Let f be z(-7). Let u be 312 - (-19)/((-76)/16). Calculate the highest common factor of u and f.
28
Let d = -306 + 359. Suppose 0 = -d*t + 58*t - 15. Calculate the greatest common factor of 7 and t.
1
Let g = 3777 - 3686. What is the greatest common divisor of 6734 and g?
91
Suppose -3*z - 3*t + 648 = 0, 4*z - 3*t + 370 = 1269. Let l be 5/25 - (-544)/(-20). Let i be 14 - l/18*(2 + 0). Calculate the highest common factor of z and i.
17
Let b = -59 - -62. Let t(x) = 457*x**2 - x**3 + 11 + 8*x + x**b + x**3 - 445*x**2. Let d be t(-8). Calculate the greatest common divisor of d and 29.
29
Suppose -160*s = -169*s + 9261. Calculate the greatest common factor of s and 777.
21
Let c(p) = 3*p + 4. Let d be 0/(1 + -6 + 4). Let q be c(d). Let t(a) = 4*a**2 - a + 6. Let v be t(q). What is the highest common divisor of 99 and v?
33
Let n(z) = -6*z - 6*z**3 + 4*z**3 - 6*z**2 + z**3 + 4 - 3*z**2. Let c be n(-8). Let w be 2/4 + (-114)/c. Calculate the greatest common divisor of w and 25.
5
Suppose -25 = -2*f - 3*f. Let b be -2 + 3 + f + -4. Let q be 185 + 5 + -3 + b. What is the highest common divisor of 21 and q?
21
Let u = -542 + 371. Let f = -146 - u. Calculate the highest common factor of 15 and f.
5
Let f = -3791 - -3863. Calculate the highest common factor of 450 and f.
18
Let h be 3/(285/50 + -6) + 6. Let l be (-204)/h + -9 + -6. What is the highest common factor of l and 252?
36
Let q = 5402 - 563